{"id":26,"date":"2020-10-06T05:41:22","date_gmt":"2020-10-06T05:41:22","guid":{"rendered":"https:\/\/2020.kimpel-kartonagen.de\/?page_id=26"},"modified":"2020-11-04T09:10:20","modified_gmt":"2020-11-04T09:10:20","slug":"ueber-uns","status":"publish","type":"page","link":"https:\/\/www.kimpel-kartonagen.de\/index.php\/ueber-uns\/","title":{"rendered":"\u00dcber uns"},"content":{"rendered":"\n<div class=\"wp-block-columns is-layout-flex wp-container-core-columns-is-layout-9d6595d7 wp-block-columns-is-layout-flex\">\n<div class=\"wp-block-column is-layout-flow wp-block-column-is-layout-flow\">\n<p>Die Willy Kimpel KG wurde 1889 von Buchbindermeister Conrad Kimpel in Schlitz gegr\u00fcndet. <br>Heute wird das Unternehmen von Monika Kimpel in der vierten Generation gef\u00fchrt.<\/p>\n\n\n\n<p>Seit 2018 produziert die Willy Kimpel KG in der neu errichteten B\u00fcro- und Produktionsst\u00e4tte in Schlitz-Bernhausen.<\/p>\n<\/div>\n\n\n\n<div class=\"wp-block-column is-layout-flow wp-block-column-is-layout-flow\">\n<figure class=\"wp-block-image size-large\"><img loading=\"lazy\" decoding=\"async\" width=\"1024\" height=\"1014\" src=\"https:\/\/www.kimpel-kartonagen.de\/wp-content\/uploads\/2020\/10\/IMG_1937_freigestellt-Kopie-1024x1014.png\" alt=\"\" class=\"wp-image-215\" srcset=\"https:\/\/www.kimpel-kartonagen.de\/wp-content\/uploads\/2020\/10\/IMG_1937_freigestellt-Kopie-1024x1014.png 1024w, https:\/\/www.kimpel-kartonagen.de\/wp-content\/uploads\/2020\/10\/IMG_1937_freigestellt-Kopie-300x297.png 300w, https:\/\/www.kimpel-kartonagen.de\/wp-content\/uploads\/2020\/10\/IMG_1937_freigestellt-Kopie-150x150.png 150w, https:\/\/www.kimpel-kartonagen.de\/wp-content\/uploads\/2020\/10\/IMG_1937_freigestellt-Kopie-768x760.png 768w, https:\/\/www.kimpel-kartonagen.de\/wp-content\/uploads\/2020\/10\/IMG_1937_freigestellt-Kopie-1536x1521.png 1536w, https:\/\/www.kimpel-kartonagen.de\/wp-content\/uploads\/2020\/10\/IMG_1937_freigestellt-Kopie-100x100.png 100w, https:\/\/www.kimpel-kartonagen.de\/wp-content\/uploads\/2020\/10\/IMG_1937_freigestellt-Kopie.png 1611w\" sizes=\"auto, (max-width: 767px) 89vw, (max-width: 1000px) 54vw, (max-width: 1071px) 543px, 580px\" \/><\/figure>\n<\/div>\n<\/div>\n","protected":false},"excerpt":{"rendered":"<p>Die Willy Kimpel KG wurde 1889 von Buchbindermeister Conrad Kimpel in Schlitz gegr\u00fcndet. Heute wird das Unternehmen von Monika Kimpel in der vierten Generation gef\u00fchrt. Seit 2018 produziert die Willy Kimpel KG in der neu errichteten B\u00fcro- und Produktionsst\u00e4tte in Schlitz-Bernhausen.<\/p>\n","protected":false},"author":2,"featured_media":225,"parent":0,"menu_order":0,"comment_status":"closed","ping_status":"closed","template":"","meta":{"footnotes":""},"class_list":["post-26","page","type-page","status-publish","has-post-thumbnail","hentry"],"jetpack_sharing_enabled":true,"_links":{"self":[{"href":"https:\/\/www.kimpel-kartonagen.de\/index.php\/wp-json\/wp\/v2\/pages\/26","targetHints":{"allow":["GET"]}}],"collection":[{"href":"https:\/\/www.kimpel-kartonagen.de\/index.php\/wp-json\/wp\/v2\/pages"}],"about":[{"href":"https:\/\/www.kimpel-kartonagen.de\/index.php\/wp-json\/wp\/v2\/types\/page"}],"author":[{"embeddable":true,"href":"https:\/\/www.kimpel-kartonagen.de\/index.php\/wp-json\/wp\/v2\/users\/2"}],"replies":[{"embeddable":true,"href":"https:\/\/www.kimpel-kartonagen.de\/index.php\/wp-json\/wp\/v2\/comments?post=26"}],"version-history":[{"count":12,"href":"https:\/\/www.kimpel-kartonagen.de\/index.php\/wp-json\/wp\/v2\/pages\/26\/revisions"}],"predecessor-version":[{"id":239,"href":"https:\/\/www.kimpel-kartonagen.de\/index.php\/wp-json\/wp\/v2\/pages\/26\/revisions\/239"}],"wp:featuredmedia":[{"embeddable":true,"href":"https:\/\/www.kimpel-kartonagen.de\/index.php\/wp-json\/wp\/v2\/media\/225"}],"wp:attachment":[{"href":"https:\/\/www.kimpel-kartonagen.de\/index.php\/wp-json\/wp\/v2\/media?parent=26"}],"curies":[{"name":"wp","href":"https:\/\/api.w.org\/{rel}","templated":true}]}}